y 19847?
16
Calculate the remainder when 117399155 is divided by 74.
5
Calculate the remainder when 1550010 is divided by 15047.
169
What is the remainder when 7134046 is divided by 475603?
1
Calculate the remainder when 1284563 is divided by 19172.
39
Calculate the remainder when 8579877 is divided by 77.
75
What is the remainder when 457507 is divided by 716?
699
Calculate the remainder when 11633 is divided by 5665.
303
What is the remainder when 669237 is divided by 47670?
1857
What is the remainder when 4631331 is divided by 2315643?
45
Calculate the remainder when 46394 is divided by 851.
440
What is the remainder when 74165519 is divided by 390?
389
What is the remainder when 300258 is divided by 9?
0
Calculate the remainder when 3531936 is divided by 1765967.
2
What is the remainder when 373624 is divided by 5808?
1912
Calculate the remainder when 207602 is divided by 33731.
5216
What is the remainder when 702989 is divided by 234253?
230
Calculate the remainder when 321983460 is divided by 34.
26
What is the remainder when 33066215 is divided by 44?
39
What is the remainder when 626991 is divided by 208990?
21
Calculate the remainder when 7647531 is divided by 156068.
199
Calculate the remainder when 504994 is divided by 125.
119
Calculate the remainder when 421928 is divided by 2465.
413
Calculate the remainder when 4704272 is divided by 2306.
32
What is the remainder when 2730074 is divided by 132?
50
What is the remainder when 21248872 is divided by 178?
122
What is the remainder when 692424 is divided by 31468?
128
Calculate the remainder when 12229181 is divided by 3057281.
57
What is the remainder when 43815 is divided by 3950?
365
Calculate the remainder when 1394944 is divided by 278964.
124
What is the remainder when 1702742315 is divided by 1880?
1875
What is the remainder when 47920 is divided by 3325?
1370
Calculate the remainder when 319720 is divided by 45639.
247
Calculate the remainder when 19961908 is divided by 1535523.
109
What is the remainder when 4133100 is divided by 459233?
3
What is the remainder when 254018 is divided by 5772?
50
What is the remainder when 83829 is divided by 130?
109
What is the remainder when 17610353 is divided by 2906?
2899
Calculate the remainder when 2059026 is divided by 43.
14
What is the remainder when 27345162 is divided by 28?
26
What is the remainder when 325481 is divided by 108407?
260
Calculate the remainder when 557538 is divided by 39.
33
What is the remainder when 174479 is divided by 3120?
2879
What is the remainder when 3645518 is divided by 607583?
20
Calculate the remainder when 8385259 is divided by 190.
179
Calculate the remainder when 111573 is divided by 55770.
33
Calculate the remainder when 701967939 is divided by 21.
15
Calculate the remainder when 165751043 is divided by 63.
59
Calculate the remainder when 207280 is divided by 326.
270
Calculate the remainder when 176235792 is divided by 23.
17
What is the remainder when 26254517 is divided by 190250?
17
Calculate the remainder when 4071510 is divided by 678584.
6
Calculate the remainder when 26626475 is divided by 16.
11
Calculate the remainder when 1093803 is divided by 363404.
3591
What is the remainder when 29809458 is divided by 182880?
18
What is the remainder when 2538513 is divided by 1932?
1797
Calculate the remainder when 2969236 is divided by 582.
454
Calculate the remainder when 38381363 is divided by 47.
35
What is the remainder when 209754 is divided by 1720?
1634
What is the remainder when 86596 is divided by 639?
331
Calculate the remainder when 204328 is divided by 121.
80
Calculate the remainder when 121498 is divided by 351.
52
Calculate the remainder when 57764218 is divided by 3610263.
10
What is the remainder when 60900 is divided by 29129?
2642
Calculate the remainder when 40176 is divided by 4458.
54
Calculate the remainder when 37408438 is divided by 287.
284
Calculate the remainder when 4033866 is divided by 1008459.
30
What is the remainder when 563177 is divided by 140697?
389
What is the remainder when 20332672 is divided by 28?
24
What is the remainder when 14584038 is divided by 6537?
6528
What is the remainder when 103811344 is divided by 25952829?
28
What is the remainder when 168734915 is divided by 72?
35
Calculate the remainder when 3524790 is divided by 1892.
1886
What is the remainder when 93079266 is divided by 45?
6
What is the remainder when 9532557 is divided by 4766275?
7
What is the remainder when 133354 is divided by 552?
322
What is the remainder when 1115320 is divided by 30894?
3136
Calculate the remainder when 182639 is divided by 238.
93
What is the remainder when 61217243 is divided by 721?
17
Calculate the remainder when 266948 is divided by 266765.
183
What is the remainder when 129739 is divided by 3910?
709
Calculate the remainder when 256207 is divided by 636.
535
What is the remainder when 253480 is divided by 84462?
94
Calculate the remainder when 182274 is divided by 826.
554
What is the remainder when 152354255 is divided by 5203?
9
Calculate the remainder when 472080 is divided by 118016.
16
Calculate the remainder when 62700042 is divided by 2963.
2962
What is the remainder when 62066551 is divided by 3034?
13
Calculate the remainder when 68018 is divided by 1859.
1094
Calculate the remainder when 484738 is divided by 143.
111
Calculate the remainder when 4098025 is divided by 819604.
5
What is the remainder when 1100437247 is divided by 768?
767
What is the remainder when 206552482 is divided by 6?
4
What is the remainder when 69030 is divided by 13704?
510
What is the remainder when 590279 is divided by 6?
5
Calculate the remainder when 1319056 is divided by 15.
1
What is the remainder when 78982558 is divided by 864?
862
Calculate the remainder when 48912 is divided by 60.
12
What is the remainder when 110344932 is divided by 2829357?
9
What is the remainder when 4035621 is divided by 59347?
25
What is the remainder when 801957 is divided by 7711?
13
What is the remainder when 1290266 is divided by 143?
120
What is the remainder when 19254901 is divided by 1375345?
71
What is the remainder when 5061662 is divided by 32?
30
Calculate the remainder when 1011251 is divided by 336812.
815
Calculate the remainder when 2140984 is divided by 2653.
13
Calculate the remainder when 24657388 is divided by 45.
43
What is the remainder when 4466953 is divided by 139592?
9
Calculate the remainder when 69300 is divided by 68456.
844
Calculate the remainder when 28902266 is divided by 373.
361
What is the remainder when 709788 is divided by 1138?
814
Calculate the remainder when 13188 is divided by 362.
156
What is the remainder when 134794 is divided by 10029?
4417
What is the remainder when 155091 is divided by 7112?
5739
Calculate the remainder when 1923835 is divided by 1628.
1167
What is the remainder when 165528 is divided by 2669?
50
What is the remainder when 197081 is divided by 8784?
3833
Calculate the remainder when 194250814 is divided by 4812.
4810
Calculate the remainder when 576314 is divided by 82326.
32
Calculate the remainder when 6875425 is divided by 1374.
1303
Calculate the remainder when 26833 is divided by 1213.
147
Calculate the remainder when 28052658 is divided by 92583.
9
What is the remainder when 275541 is divided by 35?
21
What is the remainder when 48302995 is divided by 962?
13
Calculate the remainder when 25737171 is divided by 22.
9
Calculate the remainder when 4850295 is divided by 25.
20
Calculate the remainder when 1778630 is divided by 519.
17
What is the remainder when 1073568 is divided by 282?
276
Calculate the remainder when 24738 is divided by 2215.
373
Calculate the remainder when 7700332 is divided by 1062.
832
What is the remainder when 147452 is divided by 9826?
62
What is the remainder when 944107 is divided by 5131?
3
Calculate the remainder when 698200 is divided by 495.
250
What is the remainder when 71552 is divided by 315?
47
Calculate the remainder when 780822 is divided by 390395.
32
Calculate the remainder when 776220 is divided by 258655.
255
Calculate the remainder when 72811 is divided by 2696.
19
What is the remainder when 17775 is divided by 17023?
752
Calculate the remainder when 10517 is divided by